factors of t.
7, 13
Let b(u) = u**2 - 6*u - 11. Let f = 25 - 17. Suppose 0 = 3*k - f - 16. List the prime factors of b(k).
5
Suppose -2*l - 5*d = -0*d - 6800, -4*l + d = -13644. List the prime factors of l.
2, 5, 11, 31
Suppose -v - 27 = -4*v. Suppose -2*i = -3*a - 215, -3*a - 81 - 234 = -3*i. Suppose -4*p - i = -v*p. List the prime factors of p.
2, 5
Let r(i) = 175*i - 196. What are the prime factors of r(11)?
7, 13, 19
Suppose -5*m - z + 49 = -0*z, -3*z = -3*m + 33. Suppose 44 = 4*x + 2*n, n = -3*x + m + 24. What are the prime factors of x?
2, 3
Let z(x) = x**3 - 11*x**2 - 12*x - 8. Let l be z(12). What are the prime factors of (-4)/(l/(-1)) - 244/(-8)?
2, 3, 5
Let m be 98/14 - (-2 + 1). Suppose m*j - 105 = 5*j. What are the prime factors of j?
5, 7
Suppose 2*p - 2 - 6 = 0. Suppose 600 = 8*s + p*s. What are the prime factors of s?
2, 5
Suppose -4*k - 3*c = 1 - 15, -5*k + 5*c = 0. Suppose 2*s = -k*s. Suppose 4*l = -5*o + 202, 0 = 5*o - s*l - 3*l - 216. What are the prime factors of o?
2, 3, 7
Suppose 0 = -x + 217 + 683. List the prime factors of x.
2, 3, 5
Suppose 18*l + 2326 = 23044. List the prime factors of l.
1151
Let d be (4 + -6 - -1) + -9. Let s = 110 - d. What are the prime factors of s?
2, 3, 5
Let y be -1 + -2 - -171 - (6 - 2). Let b = -58 + y. List the prime factors of b.
2, 53
Suppose -4*f + 0*h = -h - 13, -30 = -5*f + 4*h. Suppose 0 = 5*q - 22 + f. List the prime factors of (-2)/(0 + q/(-6)).
3
Suppose 0*j - 4*j + 160 = 0. Suppose 28*b - 32*b + j = 0. What are the prime factors of b?
2, 5
Let a = -18 + 24. What are the prime factors of 30/a - -2 - (1 - 3)?
3
Let b = 61 - 27. Suppose 0 = g - 2*g + b. Suppose m - 2*q = -4*m + g, -2*q = -4*m + 28. List the prime factors of m.
2, 3
Let t = 313 - -5. List the prime factors of t.
2, 3, 53
List the prime factors of 80/90 - 145266/(-54).
3, 13, 23
Let s = 373 + 131. List the prime factors of s.
2, 3, 7
Suppose 0 = x - 57 - 79. What are the prime factors of x?
2, 17
Suppose 0*p - 3*p + 930 = 0. What are the prime factors of p - 0 - 1*4?
2, 3, 17
Suppose -3*u = -8*u + 30. Suppose 3 = w + p - 4*p, 2*w - u = -3*p. What are the prime factors of w/12 + 118/8?
3, 5
Let k(n) = -17*n + 1 + 3 - 3. List the prime factors of k(-3).
2, 13
Suppose 96 = -12*n + 14*n. Let s = 139 - n. What are the prime factors of s?
7, 13
Let b be ((-8)/12 + 1)*27. Let d = b - 4. Suppose m + d*s = 39, s = -m - 3*m + 61. What are the prime factors of m?
2, 7
Let v(l) be the first derivative of 5*l**2/2 + 3*l - 1. Suppose 28 - 10 = 3*j. What are the prime factors of v(j)?
3, 11
Suppose 3*i - 66 = 3*y, -3*i - 66 = 3*y - 0*i. Let g = y + 55. List the prime factors of g.
3, 11
Let q = 1612 - 824. What are the prime factors of q?
2, 197
Suppose 17406 = 19*l + 4182. List the prime factors of l.
2, 3, 29
Let c(n) = -3*n - 3. Let g be c(6). Let o = 58 + g. What are the prime factors of o?
37
Let h = -9 - -13. Let v be 7 - (6 - h) - 4. List the prime factors of -3 - (4/v - 55).
2, 3
Suppose 4*w - 4*j = 2864, 0 = 4*w + 5*j - 2*j - 2857. What are the prime factors of w?
5, 11, 13
Let t = 63 - 55. What are the prime factors of ((-8)/t)/(94/(-93) + 1)?
3, 31
Let f(u) = -u + 1. Let z be f(-4). Suppose 2*o + v + 266 = z*o, 0 = 2*v - 8. What are the prime factors of o?
2, 3, 5
Suppose 38*x - 14116 - 4276 = 0. List the prime factors of x.
2, 11
Suppose q - 2*q = -5. Suppose -3*v = 2*v + 3*b + 149, q*b - 41 = 2*v. Let i = -11 - v. What are the prime factors of i?
17
Suppose 4*y - 4*j - 1484 = 0, 0 = 5*y - 3*j - 1057 - 802. List the prime factors of y.
373
Suppose 2 = 2*x, 9*x - 17 = 3*t + 4*x. Let c(n) = -580*n**3 + n**2 + n. Let q be c(-1). List the prime factors of t/(-5)*q/8.
2, 29
Let s(r) = r + 10. Let o be s(-8). Let z be o*((-2 - -5) + -1). Suppose l + z*l = 80. What are the prime factors of l?
2
Let l = 354 - -58. Suppose 4*t - 20 = l. List the prime factors of t.
2, 3
Let m(k) = k**2 + 9*k - 12. Let w be m(-14). Suppose 74 + w = 2*s. What are the prime factors of s?
2, 3, 11
Let a(s) = s**3 + 10*s**2 + 3*s - 4. Let l be a(-3). Let y = l - 18. List the prime factors of y.
2
Suppose -t - 12 = -5*t. Let u = t - 3. Suppose -q + 3*b = -38, -4*q + u*b + 128 = -4*b. List the prime factors of q.
29
Let q(s) = -14*s**2 - 2*s**3 + 3*s**2 + 3*s**3 + 10*s + 14 - 12. List the prime factors of q(10).
2
Suppose -35 = -5*x - 10. Let l(f) = -3*f + 31. Let i be l(7). Suppose -x*c + 45 = -i. List the prime factors of c.
11
Suppose 9*h = 8*h + 304. Suppose -h = 4*p + 4*r, -4*r - 298 = 4*p - 2*r. Let o = 104 + p. What are the prime factors of o?
31
Let n be (-147)/(-14)*(-4)/(-3). Let p = 137 + n. List the prime factors of p.
151
Let s = -80 - -46. Let w = s + 87. What are the prime factors of w?
53
Suppose -5*x = -5225 - 11775. What are the prime factors of x?
2, 5, 17
Let r(f) = f**2 + 2*f + 1. Let d be r(-3). Let s be 2/d + (-45)/18. List the prime factors of (s + -2)/((-2)/11).
2, 11
Let j be (3*(-2)/3)/(1/(-48)). Let f = j + -35. List the prime factors of f.
61
Suppose 13*m = -13*m + 23*m. Suppose m = -k + 100 + 12. What are the prime factors of k?
2, 7
Let m = 1474 + -984. What are the prime factors of m?
2, 5, 7
Suppose 525 = 92*x - 85*x. What are the prime factors of x?
3, 5
Suppose 42 = 4*l + 5*q - 42, 2*q = -l + 21. What are the prime factors of 50/6 + (-7)/l?
2
List the prime factors of 200 + 1 + 32 + -36.
197
Let j = 11 - 3. Let n = -43 + 82. Let i = n + j. What are the prime factors of i?
47
Let n = 1270 - -1582. What are the prime factors of n?
2, 23, 31
Let w be -1 - 1/(2/8). Suppose -12 = 3*z - z - 3*q, 5*q - 20 = 0. What are the prime factors of (-75)/w + (-1 - z)?
2, 7
Let p be (-1)/(-3) - (-25859)/57. Suppose 2*r + 3*r + 3*n - p = 0, 4*r - 358 = -5*n. Suppose 0*m - r = -2*m. List the prime factors of m.
2, 23
What are the prime factors of (1/1)/(0 + 7/98)?
2, 7
Let q = 948 + -488. Suppose q = 2*g + 3*g. What are the prime factors of g?
2, 23
Let n(q) = 3*q**3 - 17*q**2 + 10*q - 31. Let t(i) = -i**3 - i. Let a(m) = -n(m) - 2*t(m). List the prime factors of a(16).
3, 53
Let j be -7 + (3 - 0) + (-2 - -18). Suppose -847 = 5*d - j*d. What are the prime factors of d?
11
Let z = 197 + 1080. What are the prime factors of z?
1277
Suppose 15 = 10*p - 5*p. Let y be 2/p + 122/6. Let g = y + -11. What are the prime factors of g?
2, 5
Suppose -14*b + 18*b - 6068 = -5*a, -20 = 5*a. What are the prime factors of b?
2, 761
Let t be (-5 + 1)*(-14)/4. Let c be (24/t)/((-8)/(-84)). Let d = 8 + c. What are the prime factors of d?
2, 13
Let p(k) = -4*k + k - 12 - 2*k + 4*k. Let x be p(-12). Suppose x = 3*j - 2*j - 6. What are the prime factors of j?
2, 3
Let a(p) = 6 - 2*p - 9 - 6. Let l be a(-6). Suppose 5 = n - 3*w, 3*n - 2*n - 17 = -l*w. What are the prime factors of n?
11
Let k = -5 - -4. Let n be 2/((-2)/24*k). List the prime factors of 2 - (-1 + 2 - n).
5
List the prime factors of (233*1)/((-145)/(-435)).
3, 233
Let t = -317 + 809. What are the prime factors of t?
2, 3, 41
Let i = 38 - 48. What are the prime factors of i/(-2) + -4 - -101?
2, 3, 17
Let o(u) = 3*u**2 - u - 185. What are the prime factors of o(32)?
5, 571
Let q be 0/(4/(-16)*-4). Suppose 3*c - 5*w - 155 = q, 0*c + c = 2*w + 52. List the prime factors of c.
2, 5
Let m(b) = -b**2 + 7*b + 2. Let a be ((-18)/(-12))/(6/20). Let f be m(a). What are the prime factors of (f/(-14))/(4/(-28))?
2, 3
Let o = 11 + -11. Suppose -5*x - l + 118 + 187 = o, l = 0. Let g = x + -35. List the prime factors of g.
2, 13
Suppose 0 = -11*d + 16*d - 2635. List the prime factors of d.
17, 31
Let l = -23 - -12. Let f(m) = m**2 + 11*m - 1. Let y be f(l). List the prime factors of 2*(4 - -1) - y.
11
Let i(f) = -7*f + 6 + 1 + 0. Let a(c) = -29*c + 28. Let y(n) = 2*a(n) - 9*i(n). What are the prime factors of y(4)?
13
Let f = 89 + -92. Let a(j) = -j**2 + j - 3 - 2*j**3 + 2 - 3. What are the prime factors of a(f)?
2, 19
Suppose 5*i - 43 = -4*d + 28, 50 = 4*d - 2*i. Let y = d + 8. What are the prime factors of y?
2, 11
Suppose 0*h - 46 = -2*h. Suppose -h - 11 = -i. List the prime factors of i.
2, 17
List the prime factors of (6 + 1)*(-36)/(-7 + -5).
3, 7
List the prime factors of (-16)/80 - 196/(-5).
3, 13
Suppose -r + 547 = 4*m, 5*r + 3 + 2 = 0. Suppose 300 = 5*w - g, 5*g = 4*w - 124 - m. What are the prime fa